{"id":13007,"date":"2024-02-02T16:03:28","date_gmt":"2024-02-02T19:03:28","guid":{"rendered":"https:\/\/acar-autovermietung.com\/?page_id=13007"},"modified":"2024-02-13T14:45:10","modified_gmt":"2024-02-13T17:45:10","slug":"acar-autohandel","status":"publish","type":"page","link":"https:\/\/acar-autovermietung.com\/es\/acar-autohandel\/","title":{"rendered":"Concesionario Acar"},"content":{"rendered":"<p><a href=\"https:\/\/acar-automotores.com\/\" target=\"_blank\" rel=\"noopener\"><img decoding=\"async\" loading=\"lazy\" class=\"alignnone wp-image-13013\" title=\"Acar comercio de coches Paraguay\" src=\"https:\/\/acar-autovermietung.com\/wp-content\/uploads\/2024\/02\/PHOTO-2024-02-02-15-36-51_1-300x300.jpg\" alt=\"Acar Autohandel Paraguay\" width=\"246\" height=\"246\" srcset=\"https:\/\/acar-autovermietung.com\/wp-content\/uploads\/2024\/02\/PHOTO-2024-02-02-15-36-51_1-300x300.jpg 300w, https:\/\/acar-autovermietung.com\/wp-content\/uploads\/2024\/02\/PHOTO-2024-02-02-15-36-51_1-1024x1024.jpg 1024w, https:\/\/acar-autovermietung.com\/wp-content\/uploads\/2024\/02\/PHOTO-2024-02-02-15-36-51_1-150x150.jpg 150w, https:\/\/acar-autovermietung.com\/wp-content\/uploads\/2024\/02\/PHOTO-2024-02-02-15-36-51_1-768x768.jpg 768w, https:\/\/acar-autovermietung.com\/wp-content\/uploads\/2024\/02\/PHOTO-2024-02-02-15-36-51_1-200x200.jpg 200w, https:\/\/acar-autovermietung.com\/wp-content\/uploads\/2024\/02\/PHOTO-2024-02-02-15-36-51_1-100x100.jpg 100w, https:\/\/acar-autovermietung.com\/wp-content\/uploads\/2024\/02\/PHOTO-2024-02-02-15-36-51_1.jpg 1080w\" sizes=\"(max-width: 246px) 100vw, 246px\" \/><\/a> <a href=\"https:\/\/acar-automotores.com\/\" target=\"_blank\" rel=\"noopener\"><img decoding=\"async\" loading=\"lazy\" class=\"alignnone wp-image-13015\" title=\"Acar comercio de coches Paraguay\" src=\"https:\/\/acar-autovermietung.com\/wp-content\/uploads\/2024\/02\/PHOTO-2024-02-02-15-36-52-300x300.jpg\" alt=\"Acar Autohandel Paraguay\" width=\"246\" height=\"246\" srcset=\"https:\/\/acar-autovermietung.com\/wp-content\/uploads\/2024\/02\/PHOTO-2024-02-02-15-36-52-300x300.jpg 300w, https:\/\/acar-autovermietung.com\/wp-content\/uploads\/2024\/02\/PHOTO-2024-02-02-15-36-52-1024x1024.jpg 1024w, https:\/\/acar-autovermietung.com\/wp-content\/uploads\/2024\/02\/PHOTO-2024-02-02-15-36-52-150x150.jpg 150w, https:\/\/acar-autovermietung.com\/wp-content\/uploads\/2024\/02\/PHOTO-2024-02-02-15-36-52-768x768.jpg 768w, https:\/\/acar-autovermietung.com\/wp-content\/uploads\/2024\/02\/PHOTO-2024-02-02-15-36-52-200x200.jpg 200w, https:\/\/acar-autovermietung.com\/wp-content\/uploads\/2024\/02\/PHOTO-2024-02-02-15-36-52-100x100.jpg 100w, https:\/\/acar-autovermietung.com\/wp-content\/uploads\/2024\/02\/PHOTO-2024-02-02-15-36-52.jpg 1080w\" sizes=\"(max-width: 246px) 100vw, 246px\" \/><\/a> <a href=\"https:\/\/acar-automotores.com\/\" target=\"_blank\" rel=\"noopener\"><img decoding=\"async\" loading=\"lazy\" class=\"alignnone wp-image-13008\" title=\"Acar comercio de coches Paraguay\" src=\"https:\/\/acar-autovermietung.com\/wp-content\/uploads\/2024\/02\/PHOTO-2024-02-02-15-44-14_1-290x300.jpg\" alt=\"Acar Autohandel Paraguay\" width=\"238\" height=\"246\" srcset=\"https:\/\/acar-autovermietung.com\/wp-content\/uploads\/2024\/02\/PHOTO-2024-02-02-15-44-14_1-290x300.jpg 290w, https:\/\/acar-autovermietung.com\/wp-content\/uploads\/2024\/02\/PHOTO-2024-02-02-15-44-14_1-989x1024.jpg 989w, https:\/\/acar-autovermietung.com\/wp-content\/uploads\/2024\/02\/PHOTO-2024-02-02-15-44-14_1-768x795.jpg 768w, https:\/\/acar-autovermietung.com\/wp-content\/uploads\/2024\/02\/PHOTO-2024-02-02-15-44-14_1-300x311.jpg 300w, https:\/\/acar-autovermietung.com\/wp-content\/uploads\/2024\/02\/PHOTO-2024-02-02-15-44-14_1.jpg 1042w\" sizes=\"(max-width: 238px) 100vw, 238px\" \/><\/a><\/p>\n<p>\u00bfNo s\u00f3lo quiere alquilar grandes veh\u00edculos de Acar? \u00bfLe gustar\u00eda tambi\u00e9n comprarlos? No hay problema. Estaremos encantados.<\/p>\n<p>Entonces, \u00bfpor qu\u00e9 no nos visita directamente en Villarrica, en nuestro concesionario, o echa un vistazo a nuestras ofertas actuales de veh\u00edculos en nuestro nuevo <a href=\"https:\/\/acar-automotores.com\" target=\"_blank\" rel=\"noopener\"><span style=\"color: blue;\">P\u00e1gina web del concesionario de autom\u00f3viles Acar<\/span><\/a> a. \u00bfTiene alguna duda? Estaremos encantados de asesorarle en cualquier momento. Puede localizarnos en el + 595-984\/644355 por tel\u00e9fono, WhatsApp o Telegram. Hablamos alem\u00e1n, espa\u00f1ol, ingl\u00e9s, portugu\u00e9s y guaran\u00ed.<\/p>","protected":false},"excerpt":{"rendered":"<p>Sie wollen nicht nur tolle Fahrzeuge von Acar mieten? Sie m\u00f6chten Sie auch gerne kaufen? Kein Problem. Das freut uns. Dann besuchen Sie uns doch entweder direkt in Villarrica, in unserem Autohaus oder schauen Sie sich ...<\/p>","protected":false},"author":1,"featured_media":0,"parent":0,"menu_order":0,"comment_status":"closed","ping_status":"closed","template":"","meta":[],"_links":{"self":[{"href":"https:\/\/acar-autovermietung.com\/es\/wp-json\/wp\/v2\/pages\/13007"}],"collection":[{"href":"https:\/\/acar-autovermietung.com\/es\/wp-json\/wp\/v2\/pages"}],"about":[{"href":"https:\/\/acar-autovermietung.com\/es\/wp-json\/wp\/v2\/types\/page"}],"author":[{"embeddable":true,"href":"https:\/\/acar-autovermietung.com\/es\/wp-json\/wp\/v2\/users\/1"}],"replies":[{"embeddable":true,"href":"https:\/\/acar-autovermietung.com\/es\/wp-json\/wp\/v2\/comments?post=13007"}],"version-history":[{"count":10,"href":"https:\/\/acar-autovermietung.com\/es\/wp-json\/wp\/v2\/pages\/13007\/revisions"}],"predecessor-version":[{"id":13038,"href":"https:\/\/acar-autovermietung.com\/es\/wp-json\/wp\/v2\/pages\/13007\/revisions\/13038"}],"wp:attachment":[{"href":"https:\/\/acar-autovermietung.com\/es\/wp-json\/wp\/v2\/media?parent=13007"}],"curies":[{"name":"wp","href":"https:\/\/api.w.org\/{rel}","templated":true}]}}

<p><a href="https://acar-automotores.com/" target="_blank" rel="noopener"><img decoding="async" loading="lazy" class="alignnone wp-image-13013" title="Acar comercio de coches Paraguay" src="https://acar-autovermietung.com/wp-content/uploads/2024/02/PHOTO-2024-02-02-15-36-51_1-300x300.jpg" alt="Acar Autohandel Paraguay" width="246" height="246" srcset="https://acar-autovermietung.com/wp-content/uploads/2024/02/PHOTO-2024-02-02-15-36-51_1-300x300.jpg 300w, https://acar-autovermietung.com/wp-content/uploads/2024/02/PHOTO-2024-02-02-15-36-51_1-1024x1024.jpg 1024w, https://acar-autovermietung.com/wp-content/uploads/2024/02/PHOTO-2024-02-02-15-36-51_1-150x150.jpg 150w, https://acar-autovermietung.com/wp-content/uploads/2024/02/PHOTO-2024-02-02-15-36-51_1-768x768.jpg 768w, https://acar-autovermietung.com/wp-content/uploads/2024/02/PHOTO-2024-02-02-15-36-51_1-200x200.jpg 200w, https://acar-autovermietung.com/wp-content/uploads/2024/02/PHOTO-2024-02-02-15-36-51_1-100x100.jpg 100w, https://acar-autovermietung.com/wp-content/uploads/2024/02/PHOTO-2024-02-02-15-36-51_1.jpg 1080w" sizes="(max-width: 246px) 100vw, 246px" /></a> <a href="https://acar-automotores.com/" target="_blank" rel="noopener"><img decoding="async" loading="lazy" class="alignnone wp-image-13015" title="Acar comercio de coches Paraguay" src="https://acar-autovermietung.com/wp-content/uploads/2024/02/PHOTO-2024-02-02-15-36-52-300x300.jpg" alt="Acar Autohandel Paraguay" width="246" height="246" srcset="https://acar-autovermietung.com/wp-content/uploads/2024/02/PHOTO-2024-02-02-15-36-52-300x300.jpg 300w, https://acar-autovermietung.com/wp-content/uploads/2024/02/PHOTO-2024-02-02-15-36-52-1024x1024.jpg 1024w, https://acar-autovermietung.com/wp-content/uploads/2024/02/PHOTO-2024-02-02-15-36-52-150x150.jpg 150w, https://acar-autovermietung.com/wp-content/uploads/2024/02/PHOTO-2024-02-02-15-36-52-768x768.jpg 768w, https://acar-autovermietung.com/wp-content/uploads/2024/02/PHOTO-2024-02-02-15-36-52-200x200.jpg 200w, https://acar-autovermietung.com/wp-content/uploads/2024/02/PHOTO-2024-02-02-15-36-52-100x100.jpg 100w, https://acar-autovermietung.com/wp-content/uploads/2024/02/PHOTO-2024-02-02-15-36-52.jpg 1080w" sizes="(max-width: 246px) 100vw, 246px" /></a> <a href="https://acar-automotores.com/" target="_blank" rel="noopener"><img decoding="async" loading="lazy" class="alignnone wp-image-13008" title="Acar comercio de coches Paraguay" src="https://acar-autovermietung.com/wp-content/uploads/2024/02/PHOTO-2024-02-02-15-44-14_1-290x300.jpg" alt="Acar Autohandel Paraguay" width="238" height="246" srcset="https://acar-autovermietung.com/wp-content/uploads/2024/02/PHOTO-2024-02-02-15-44-14_1-290x300.jpg 290w, https://acar-autovermietung.com/wp-content/uploads/2024/02/PHOTO-2024-02-02-15-44-14_1-989x1024.jpg 989w, https://acar-autovermietung.com/wp-content/uploads/2024/02/PHOTO-2024-02-02-15-44-14_1-768x795.jpg 768w, https://acar-autovermietung.com/wp-content/uploads/2024/02/PHOTO-2024-02-02-15-44-14_1-300x311.jpg 300w, https://acar-autovermietung.com/wp-content/uploads/2024/02/PHOTO-2024-02-02-15-44-14_1.jpg 1042w" sizes="(max-width: 238px) 100vw, 238px" /></a></p>
<p>¿No sólo quiere alquilar grandes vehículos de Acar? ¿Le gustaría también comprarlos? No hay problema. Estaremos encantados.</p>
<p>Entonces, ¿por qué no nos visita directamente en Villarrica, en nuestro concesionario, o echa un vistazo a nuestras ofertas actuales de vehículos en nuestro nuevo <a href="https://acar-automotores.com" target="_blank" rel="noopener"><span style="color: blue;">Página web del concesionario de automóviles Acar</span></a> a. ¿Tiene alguna duda? Estaremos encantados de asesorarle en cualquier momento. Puede localizarnos en el + 595-984/644355 por teléfono, WhatsApp o Telegram. Hablamos alemán, español, inglés, portugués y guaraní.</p>

<p>Sie wollen nicht nur tolle Fahrzeuge von Acar mieten? Sie möchten Sie auch gerne kaufen? Kein Problem. Das freut uns. Dann besuchen Sie uns doch entweder direkt in Villarrica, in unserem Autohaus oder schauen Sie sich ...</p>
